11609 + 18377 = 22*o. What are the prime factors of o?
29, 47
Suppose 5*p = 2*p + 6. Suppose 42 = 33*r - 26*r. List the prime factors of p*r/3*1.
2
Suppose 0 = -6*p - 18*p + 19776. What are the prime factors of p?
2, 103
Let h(k) = 4*k**2 + 39*k - 113. List the prime factors of h(-31).
2, 13, 97
Let g = 25 + -7. Let k = 24 - g. List the prime factors of k.
2, 3
Let d(k) = k**3 + 6*k**2 + 3*k + 6. Let s be d(-5). Suppose s - 1 = -5*l. What are the prime factors of (2/l)/((-7)/21)?
2
Let l(u) = -u**2 - 6*u + 9. Let n(s) = -s**3 + s**2 - 6. Let y be n(0). Let o(g) = -g**3 - 6*g**2 - 7. Let x be o(y). What are the prime factors of l(x)?
2
Let v = 54 + -25. Suppose -5*g + 240 = n - 5*n, 2*n = 2*g - 96. Let z = g - v. What are the prime factors of z?
19
Let d = -2105 - -3158. List the prime factors of d.
3, 13
Let s be (-194)/(-7) - (-2)/7. Let a be (96/(-40))/(4/(-10)). Suppose v + 2*r + 106 = a*v, -s = -2*v - 4*r. What are the prime factors of v?
2, 5
Let s = 445 - 77. List the prime factors of s.
2, 23
Suppose -7*g = -11*g + 56. Suppose -16*x = z - g*x - 191, -4*z = 4*x - 756. List the prime factors of z.
11, 17
Suppose -16 = 3*y - 145. Let l(o) = -o**3 - 20*o**2 - 18*o - 3. Let v be l(-19). Let w = v + y. List the prime factors of w.
3, 7
Let p(s) = 8*s**2 + 13*s + 11. Let o be p(-6). Suppose 4*m = 227 + o. What are the prime factors of m?
2, 7
Let d be (50/(-30))/((-2)/12). Let m be (d/6 - 1)*6. Suppose -56 = -m*a - 8. What are the prime factors of a?
2, 3
Let n(w) = -w**3 + 45*w**2 - 32*w - 35. What are the prime factors of n(44)?
17, 29
Suppose 0 = o + 5*o - 24. Suppose 5*h - o*p - 97 = 240, -h = p - 62. Suppose 14 = -3*w + h. What are the prime factors of w?
17
Suppose -5*p + 4*p = 4*h + 18, -4*h - 16 = 0. Let y be (p/(-7))/(5/35). Suppose w = -4*t + 6, -30 = -5*w - y*t - 0*t. List the prime factors of w.
2, 3
Let u(f) = f**2 - 10*f + 13. Let s be u(9). Suppose 3*l + s = 25. Suppose 0 = l*y - 6*y - 33. What are the prime factors of y?
3, 11
Suppose -4 = f, 17*u + 1564 = 22*u + 4*f. List the prime factors of u.
2, 79
Suppose 0*h - h = -5*k - 190, -h = 3*k + 114. Let t = 16 + k. Let c = t + 41. List the prime factors of c.
19
Let d be ((-29)/4)/(12/(-48)). Suppose -q + 5*i + d = i, 74 = 4*q + 5*i. List the prime factors of q.
3, 7
Let q(z) = -62*z - 8. What are the prime factors of q(-8)?
2, 61
Suppose 2*h - 5*v = 47, -6*v + 20 = 2*h - 2*v. Suppose h*l + 0*l - 2384 = 0. List the prime factors of l.
149
Suppose -4*i = s - 10, 6*s - 2*s = 3*i + 2. Let t be (25/(-20))/(i/(-8)). Suppose -t*l + 104 = 9. What are the prime factors of l?
19
Suppose z - 4*u - 26 = -1, 0 = 3*u + 15. Suppose z*p + 0*p - 780 = 0. What are the prime factors of p?
2, 3, 13
Let t(h) be the first derivative of -h**2/2 + h + 3. Let l(i) = -i + 7. Let n(o) = -l(o) + 5*t(o). What are the prime factors of n(-2)?
2, 3
Suppose 112 = -4*g + 2*f, -5*g - 135 = -3*f - 2*f. Let o be (-17)/(1*3/(-9)). Let d = g + o. What are the prime factors of d?
2, 11
Let i(n) = -2*n + 19. Suppose -17*v + 9 = -25. What are the prime factors of i(v)?
3, 5
Let b be (-7)/1*4/28*-26. Suppose -1678 - b = -12*d. What are the prime factors of d?
2, 71
Suppose -9*z = -5*z. List the prime factors of (-1564)/(-16) + z + 18/(-24).
97
Let x be (-36)/(-90) + (1 - 127/5). Suppose -d - 17 = 7. What are the prime factors of 300/x*d/10?
2, 3, 5
Suppose 4*f = n - 84, -3*n = -0*f + 4*f + 68. Let r = f - -18. Let s(d) = 3*d**2 + 2*d + 1. What are the prime factors of s(r)?
3
Suppose -7*h = -15*h + 48. Suppose h*c + 4*q = 9*c - 283, 5*c = q + 500. What are the prime factors of c?
101
Suppose -2*i + 16*i = 70. Let b(m) = m**3 - 3*m**2 - 5*m + 9. What are the prime factors of b(i)?
2, 17
Let a = -3509 + 5570. List the prime factors of a.
3, 229
Let c be (-1)/3 - (-120)/(-72). Let f(k) = -25*k + 5. What are the prime factors of f(c)?
5, 11
Let n(f) = 19*f**3 - f**2 + 1. Suppose -5*c + 10 = 5. What are the prime factors of n(c)?
19
Let w = 420 + -108. What are the prime factors of w?
2, 3, 13
Suppose -z = 4*z - 30. Suppose -3*k + z*k = 612. Suppose -2*i = 2*i - k. What are the prime factors of i?
3, 17
Let v = 88 - 55. Suppose -d - 3 = 0, v = -f + 4*f + 2*d. List the prime factors of f.
13
Let h = 4 + -3. Let v be (-1 + -2 + 6)*h. Suppose -c = -v*c + 8. What are the prime factors of c?
2
Suppose 550 + 982 = 4*f. What are the prime factors of f?
383
What are the prime factors of (31554/(-4))/((-3)/2)?
3, 1753
Let x = 1698 + -124. List the prime factors of x.
2, 787
Let j(r) be the second derivative of r**4/12 - 5*r**3/2 - 2*r**2 + 10*r. List the prime factors of j(17).
2, 3, 5
Suppose -v = o - 280, -v + 5*o - 45 = -325. What are the prime factors of v?
2, 5, 7
Let j be (-14)/21 - 232/(-6). Let r = j - -4. What are the prime factors of r?
2, 3, 7
Let p be -1 + -2 + 6/2. Suppose 5*a - 1 + 16 = 2*m, p = -4*m + a - 15. List the prime factors of m*5/((-75)/84).
2, 7
Let r = -2184 + 3764. List the prime factors of r.
2, 5, 79
Suppose 0 = j - 2*v + 17 - 3, -4*j - 48 = -4*v. Let d be (5 + j)/((-2)/46). Suppose p - d = -4*p. List the prime factors of p.
23
Suppose -6*g = -8*g + 8. Suppose g*i + 447 = 5*l + 5*i, -2*l + 170 = -4*i. List the prime factors of l.
89
Let a = 567 - 153. List the prime factors of a.
2, 3, 23
Let d(f) = -2*f**3 - 6*f + 8*f**2 + 3*f - f + 2. Let g be d(5). Let p = -29 - g. What are the prime factors of p?
3, 13
Let f(k) be the first derivative of 2*k**3 - 3*k**2/2 - 4*k + 28. What are the prime factors of f(-4)?
2, 13
Let x(v) = -4*v - 3. Let f be x(1). List the prime factors of (6390/75)/(f/10 + 1).
2, 71
Suppose l - 5*c - 12 = 0, -13 = 3*l - 5*c - 39. What are the prime factors of l?
7
Let x(k) = -2*k - 5. Let f be x(4). Let z = f + 21. Suppose -4*r + 40 = z. List the prime factors of r.
2
Suppose i - k = 646, 1948 = 3*i - 26*k + 21*k. What are the prime factors of i?
641
Suppose 3*v + g - 2*g = 49, -2*v - 3*g + 29 = 0. Let r = -11 + v. Suppose r*d = 4*x + 12, -5*d + 25 + 5 = 5*x. List the prime factors of x.
2
Suppose 4*g = 5*y + 3*g - 5718, -g = 3. List the prime factors of y.
3, 127
Suppose 4 = 4*u - 3*u. Let v be 6/u - (-108)/24. Let q(x) = -x**2 + 9*x + 9. What are the prime factors of q(v)?
3
List the prime factors of 0 + 6 + (-62176)/48*-3.
2, 7, 139
Suppose -5*n = 20 - 180. Suppose 0 = 6*g + 14*g - 1500. Let v = g - n. What are the prime factors of v?
43
Suppose 189014 = 63*d - 16051. What are the prime factors of d?
3, 5, 7, 31
Let g = 49 - 72. Let t = g - -68. Suppose t = 2*j + 3*j. What are the prime factors of j?
3
Let t(a) = 8*a**3 - 5*a**2 + 32*a - 1. List the prime factors of t(9).
2, 2857
Let d = 2963 - 2319. What are the prime factors of d?
2, 7, 23
Let o be 3/(-12) + (1186/8 - 5). Let p = 356 - o. What are the prime factors of p?
3, 71
Let h be (2 - (2 - 1)) + 1. Suppose 5*r - 3*s - 905 = -0*s, -5*r + 900 = -h*s. Suppose 0 = -u + 6*u + q - r, -q = -u + 32. What are the prime factors of u?
5, 7
Suppose 4*g - 5*g = 25. List the prime factors of (80/g)/(1/(-30)).
2, 3
What are the prime factors of (-107340)/(-110) - 2/(-11)?
2, 61
Suppose 4*x - 2*x = 0. Suppose -45 = 2*r - 11*r. Suppose 2*s - r*p - 63 = x, -s - 3*p + 4 = -11. What are the prime factors of s?
2, 3
Let w = -24 - -484. What are the prime factors of w?
2, 5, 23
Let j(f) = -21*f**2 + 3*f - 2. Let t be j(1). Let o = t - -65. List the prime factors of o.
3, 5
Suppose -5*g = -10, -7*o - 2090 = -9*o + 2*g. List the prime factors of o.
3, 349
Suppose -4*o + 0*h = 4*h - 228, 0 = 5*o - 5*h - 315. Let u = 151 - o. List the prime factors of u.
7, 13
Let p(u) = 53*u**2 - 1. Let m be p(1). Suppose 0*d + 2*d = -4*y + 42, 3*d - m = -5*y. Suppose -3*l + 65 = 2*w, -l = -w - w - y. What are the prime factors of l?
19
Suppose 0*l + 4*l = -16, -3*v + l = -400. Let a = -26 + v. List the prime factors of a.
2, 53
Let x(q) = 4*q + 10. Let r be x(-4). Let v = r - -9. Suppose 3*a - n = 92, -a + n + v*n + 27 = 0. List the prime factors of a.
31
Let d be 2 - (-2 + (1 - 2)). Suppose -99 = -2*t - i, 0 = -4*t + d*t - 5*i - 55. What are the prime factors of t?
2, 5
What are the prime factors of (1 - (-64)/(-8))/(1/(-327))?
3, 7, 109
Let s be (2/(-6))/(1/15). Let k = s + 9. Suppose -k*l = -7 - 25. List the prime factors of l.
2
Suppose 43*j + 6642 = 61*j. L